b be 116/986 - (2 + 2276/(-17)). Suppose 2*g = -3*w + 144, 5*g + w - 264 - 70 = 0. What is the highest common divisor of b and g?
66
Let u(p) = 559*p + 3942. Let d be u(-6). Calculate the highest common divisor of d and 1554.
42
Suppose -146 = -3*h + s + 31, 4*h - 234 = 2*s. What is the greatest common factor of h and 2388?
12
Let t(a) be the second derivative of 3*a - 3/2*a**2 + 5/6*a**3 + 0. Let v be t(1). Calculate the highest common factor of 4 and v.
2
Suppose a = -8 + 178. Suppose 4*n = -n - 3*d + 850, d - a = -n. What is the highest common divisor of n and 255?
85
Let i = -1963 + 1174. Let t = i - -804. Suppose -3*s + 11 = -4. What is the greatest common factor of t and s?
5
Suppose 0 = 2*y + f + 47 - 93, -4*y - 5*f = -98. What is the greatest common factor of 20 and y?
2
Let w(f) = -532*f - 2156. Let c be w(-6). Calculate the greatest common factor of 21 and c.
7
Suppose 4*b + 5*p - 228 - 93 = 0, -2*p = -b + 90. Let x = 84 - b. Let z be 5 - x - (3 - 405). What is the greatest common factor of z and 37?
37
Let u be (16/(-12))/(6/(-45)). Let q be -1 - (-183)/15 - 2/u. What is the greatest common factor of 176 and q?
11
Let x be ((-210)/18)/(-3 - 8/(-3)). Let v(w) = 14*w - 113. Let m be v(x). What is the highest common factor of 13 and m?
13
Let m(g) = -g**3 + 2*g**2 + 4*g - 1. Let h be m(3). Suppose 3*v + i - 610 = -207, h*i - 8 = 0. What is the greatest common factor of v and 19?
19
Let k = -1195 - -1197. What is the highest common divisor of k and 358?
2
Suppose 4*g - 2 = 6. Suppose 160 = 6*s - g*s. Suppose -44 + s = -2*q. What is the greatest common divisor of q and 5?
1
Let k be -403 + -1*(-4 + 6). Let d = 459 + k. Calculate the greatest common divisor of d and 24.
6
Let w(i) = i**3 - 7*i**2 + 11*i - 9. Let q = 175 - 169. Let k be w(q). Calculate the highest common factor of 273 and k.
21
Let p be (-19)/((-114)/36) - -364. Let g be (-186 - -1)*(-80)/100. Calculate the highest common divisor of g and p.
74
Let g be 1 + 1/(2/12). Let p(s) = 33*s - 95. Let y(r) = r**2 - 7*r - 3. Let c be y(8). Let v be p(c). Calculate the greatest common factor of g and v.
7
Let i = -709 + 711. Let v be -3232*(3 + (77/i)/(-11)). What is the greatest common divisor of v and 101?
101
Let b be 31*(4 + -2 - -2 - -1). Let g be (16/(-40))/((-1)/b). Suppose 2*p = -2 + g. What is the greatest common factor of p and 270?
30
Let y(k) = 20*k + 1177. Let f be y(-56). Calculate the greatest common factor of f and 171.
57
Let v = 256 + -247. Let t be ((-1212)/v)/(2/(-6)) - 1. What is the greatest common factor of t and 26?
13
Suppose 15*g = 209 - 134. Suppose g*d + 4*f = 3667, 0 = -4*d - f + 596 + 2342. What is the highest common factor of d and 21?
21
Let k(a) = 618*a + 4378. Let v be k(-7). What is the greatest common divisor of 8164 and v?
52
Let q be 3*(-9)/((-27)/2). Suppose 2*z - 8 = 0, 0 = 5*b + 7*z - q*z - 95. What is the highest common divisor of b and 15?
15
Let f = 3118 - 110. Suppose -7*g + f = g. Calculate the greatest common factor of g and 94.
94
Let n = 676 - 536. Suppose 5*l - n = -4*f, 5*f + 57 = -4*l + 169. Let t be (-5)/(-1)*(-16)/(-10). What is the greatest common divisor of t and l?
4
Suppose 5*k - 71 + 5 = -2*z, 0 = 4*k - 2*z - 42. Suppose 0 = -3*r - k - 0, 4*o + 3*r = 8. What is the highest common divisor of 5 and o?
5
Let f = 3180 + -1479. Calculate the highest common factor of 3 and f.
3
Let n(o) = 43*o**2 - o - 24. Let v be n(-3). Let y = v + -324. What is the highest common divisor of 189 and y?
21
Let d be (170/(-30) + 7)/(2/6). Suppose -165 = -5*p + d*z, -p - p = 4*z - 66. Calculate the greatest common factor of 9 and p.
3
Let n(m) be the third derivative of m**5/20 - m**4/3 - 26*m**3/3 - 3*m**2 + 9*m. Let h be n(7). What is the greatest common divisor of h and 39?
39
Let x be 718 - (5 - -12) - 16. What is the greatest common divisor of x and 15?
5
Suppose -4*h = -4*o - 268, 2*h = o - 0*o + 67. Let b = 142 - o. Calculate the highest common factor of 19 and b.
19
Let o(j) = 2*j. Let a be o(3). Let c(u) = 7*u - 2. Let y be c(a). Let s(m) = -m**2 + 51*m + 550. Let x be s(60). What is the greatest common factor of y and x?
10
Let t(u) = 49*u - 56. Let c be t(12). Let n = 539 - c. What is the greatest common factor of 7 and n?
7
Suppose 30*s - 26*s + 11*w = 70, -4*w - 52 = -5*s. Let m be (-2)/8 - 386/(-8). What is the greatest common divisor of s and m?
12
Let s be 258/(-1 + 3) - 1. Let o = 13 - 13. Suppose 4*r - 3*c = 76, o = 4*r - 3*r + 4*c. What is the greatest common divisor of r and s?
16
Suppose -f = 3*f - 2*r + 22, 0 = -2*f - r - 9. Let a be 25/f + -4 + 401. What is the greatest common divisor of 8 and a?
8
Let q be 2*8 - (0 + 0). Let g = -11420 - -11421. What is the greatest common divisor of g and q?
1
Suppose -2*m - 303*y + 173 = -302*y, -343 = -4*m - 3*y. Calculate the highest common divisor of m and 72.
8
Let q be (-57424)/(-1455)*5/(-2)*(-6)/4. Calculate the highest common divisor of q and 370.
74
Suppose 62 - 155 = 3*i. Let o = i + 44. Let f be 17 + 12/(-2 + -1). Calculate the highest common divisor of f and o.
13
Let s = 732 - 550. Let o = 246 - s. What is the greatest common divisor of o and 144?
16
Let a(w) = w**2 + 5*w - 686. Let j be a(-33). Calculate the greatest common divisor of j and 136.
34
Let b(l) = l**3 + l**2 + 2*l. Let v be b(3). Let g be ((-4)/12)/(841/(-210) + 4). Calculate the greatest common factor of g and v.
14
Let p = -7 + 22. Suppose -3022*s + 3033*s - 495 = 0. Calculate the greatest common factor of s and p.
15
Let f be ((-4810)/(-91))/(3/126*3). What is the greatest common divisor of f and 1739?
37
Let v(g) = -15*g + 90. Let q(x) = 3*x - 1. Let o(k) = -2*q(k) - v(k). Let l be o(16). Let y = 0 - -14. Calculate the greatest common factor of y and l.
14
Let w be 13800/(((-19)/5 + 4)*10/4). What is the highest common divisor of 80 and w?
80
Suppose 0 = -897*i + 893*i + 9456. What is the greatest common divisor of 8 and i?
4
Let h be (10/(-15) - (-3 + 2))*24. Let v = 196 + -104. What is the highest common factor of h and v?
4
Let f(s) = -36*s - 2365. Let x be f(-67). Calculate the greatest common divisor of x and 10528.
47
Let v be (-6 + (-1)/(-1))/(-1). Suppose v*r = -10, 2*h + 3*h = -r + 108. Let i = h - -20. Calculate the greatest common divisor of i and 84.
42
Suppose -105*p + 11791 + 14669 = 0. Calculate the greatest common factor of p and 2988.
36
Suppose -4*x + 424 = 4*u, -4*x - 512 = -0*u - 5*u. Suppose 207*d + 477 = 7101. Calculate the greatest common factor of d and u.
8
Suppose -20*z + 5*z + 1350 = 0. Suppose -2*y + 111 = 5*l, y = -y + 2*l + z. Let f = 41 - 29. What is the highest common factor of y and f?
12
Let q(f) = 44*f - 2327. Let m be q(54). Calculate the highest common divisor of m and 49.
49
Let s = -5551 + 5587. Calculate the highest common factor of 4698 and s.
18
Let j(m) = -331*m - 1. Let s be j(-1). Let t(k) = -k**2 - 161*k - 6450. Let l be t(-80). What is the highest common divisor of l and s?
30
Suppose 27*d + 396 = 22*d + 23*d. What is the greatest common divisor of d and 106?
2
Suppose -5*h + 5*j + 16 + 24 = 0, -5*j - 20 = 0. Suppose 4*b + 3 = 7, 0 = -h*t - b + 641. What is the greatest common factor of t and 80?
80
Let k = 364 + -360. Suppose k*z = -3*q + 243 - 33, -6 = -2*z. What is the greatest common factor of 528 and q?
66
Let w(j) = -9*j + 26. Let l be w(-5). Let a = 71 - l. Let n = a + 40. Calculate the highest common divisor of 8 and n.
8
Let p = -23 - 28. Let z be ((-4)/(-6))/((p/324)/(-17)). What is the highest common factor of 16 and z?
8
Let p(o) = o - 16. Let c be p(-6). Let z = c - -59. Let m = 43 - z. Calculate the greatest common divisor of 54 and m.
6
Let u be (1 - 190)/1 - (12 + -8). Let o = u + 541. Suppose -h - o = -4*h. Calculate the greatest common divisor of h and 29.
29
Let c(y) = y**2 + 8. Let l be c(-6). Let m(f) = 3*f**3 - 95*f**2 - 24*f - 36. Let w be m(32). Calculate the highest common factor of l and w.
44
Let h be 8816/88 + 4/(-22). Let z = h - 97. Calculate the greatest common divisor of 48 and z.
3
Let j = -208 - -268. Suppose 0 = -10*n + 70 + j. What is the highest common factor of 13 and n?
13
Suppose -684 = -19*i - 209. Suppose -338 = -i*m + 312. Calculate the highest common factor of 26 and m.
26
Let a(g) = g**2 + 143*g + 1469. Let o be a(